w + 2. Let a = 8 + m. Determine h(a).
-2
Let l(w) = -1 + 2 - 4*w - 5*w. Let c(d) = d + 2. Let u be (-2)/(2*(-4)/(-12)). Let g be c(u). What is l(g)?
10
Let s be (-2)/(-3) + (-120)/(-9). Let q(r) = -2*r + 4. Let l(a) = -8 + 32*a - 22*a - 12. Let c(o) = s*q(o) + 3*l(o). Give c(5).
6
Let r(z) = -1094*z**2 + 547*z**2 - 7*z + 554*z**2 - z**3. Let s be (-8)/1*3/(-4). Let m be r(s). Let y(o) = -o**3 - 6*o**2 - o - 2. Determine y(m).
4
Let h(s) = 2128*s**2 + 0*s + 4*s**3 - 3*s**3 + s + 0*s**3 - 2127*s**2 + 2. Calculate h(0).
2
Let q(u) = -2*u + 11. Let x be q(3). Let r(n) = n**2 - 10*n + 33. Let k be r(x). Let b(l) = -l**3 + 9*l**2 - 10*l + 3. Determine b(k).
-13
Let y be 0 + 4 + 2*-1. Let t be (-9)/6 + 2 + 55/22. Let i(x) = -2*x**y + 3 + x**2 + x - x**t - 1. Give i(0).
2
Suppose 14 = 5*n + 59. Let h = n + 12. Suppose -4*g + h - 27 = 0. Let r(z) = -z - 6. What is r(g)?
0
Let x(v) = -2*v**2 + 7*v - 4. Let t be (3 + 0)/(-15 + 16). Let r be x(t). Let u(n) = -n**2 - 2*n + 3 + 9*n**3 - 4 - 6*n**3 + 7*n**3. Calculate u(r).
-10
Let z = -8 - -5. Let g(t) = 100 + 30*t**2 + 2*t - 28*t**2 - 98 + t. Give g(z).
11
Let i be (-1 - 10) + 2 + 14. Let v(o) = -3*o**3 - 15*o**2 - 5*o + 2. Let c(t) = -2*t**3 - 8*t**2 - 3*t + 1. Let h(k) = -5*c(k) + 3*v(k). Give h(i).
1
Let o = 1793 + -1798. Suppose -j + 3 = -0. Let q(c) = 4*c**2 - 6*c + 3*c**3 + 0 - 2*c**j - 5. Give q(o).
0
Let i(k) = k**3 + 7*k**2 + 6*k - 6. Let a be i(-6). Let o(x) = -498*x - 496*x + 1492*x - 6 - 499*x. Determine o(a).
0
Let g(f) = 5*f**3 + 19*f**2 - 61*f - 54. Let i(j) = 2*j**3 + 6*j**2 - 21*j - 19. Let t(a) = 3*g(a) - 8*i(a). What is t(7)?
-17
Let g be 268/19 - 32/304. Let n be (-7)/(g/4) - 4. Let b(p) = -p**2 - 7*p + 5. Determine b(n).
11
Let u(f) = -f**2 - 8*f - 1. Let v be 59*(-2 + 1) + 4. Let t = 48 + v. Determine u(t).
6
Let l(i) = -6*i + 3. Let d be ((-2)/(-6))/(7/(-42)). Let m be l(d). Suppose m = -x - 4*x. Let b(s) = 3*s + 4. Give b(x).
-5
Suppose -111*f = -114*f - 3. Let o(i) = -8*i - 4. Calculate o(f).
4
Let p(b) = -b**3 - 6*b**2 + 6*b - 8. Let f(w) be the third derivative of -w**5/30 + 11*w**4/12 + 17*w**3/6 - 12*w**2. Let k be f(12). Give p(k).
-1
Let h be (-168)/(-91) - 16/(-104). Suppose 7 - 3 = 2*p. Let r(w) = p*w - 4 - w**h + 3 - 2*w. What is r(-1)?
-2
Let p(i) be the second derivative of -i**3/6 - i**2 - 53*i. What is p(-7)?
5
Suppose 4*x + 4 = 12. Let q = 4 - x. Let h(w) = 3 - 8*w**q + 6*w + 3*w**3 + 3*w**3 - 5*w**3. Determine h(7).
-4
Let t = 2022 - 2020. Let v(x) = -x**3 - 2*x**2 + 6*x - 4. Determine v(t).
-8
Suppose 0 = -3*p + 12*p - 18. Let r(g) be the third derivative of g**5/60 - g**4/8 - g**3/3 - 2*g**2. Let s(k) be the first derivative of r(k). What is s(p)?
1
Suppose 8*p + 157 - 69 = 0. Let s(v) = v**3 + 11*v**2 - v + 3. Determine s(p).
14
Let a = -17 - -16. Let v be -4 + a*(-3 - -1). Let u(k) = 0*k + 3*k - 5*k - 3*k. What is u(v)?
10
Let g(r) = -r**2 - 10*r - 22. Let d be g(-6). Suppose 3*h + 3*f = 2*f - 7, -d*h + 2*f - 2 = 0. Let q(a) = a + 1. Give q(h).
-1
Suppose -m - 2*m = -v - 18, 0 = v. Let y(c) = 54 + 66*c**3 - 67*c**3 + 5*c**2 - 46 + 6*c. What is y(m)?
8
Let p(z) = -8*z. Let c = -23 + 21. Let f be ((-1)/c)/(2/(-4)). Let g be (-2)/(1*(-3 - f)). What is p(g)?
-8
Let d(p) = -3 + 11*p - 13*p + 3. Let c be d(-3). Let y(m) = -m**3 + 6*m**2 + 6. What is y(c)?
6
Let o(b) = 2*b**2 + 2*b - 7. Let n(y) = y**3 + 37*y**2 - 118*y + 77. Let v be n(-40). Give o(v).
5
Let w(i) be the third derivative of -2*i**5/3 - i**4/12 - i**3/6 - 56*i**2. Determine w(-1).
-39
Let f(p) = p**2 - p - 2. Let g = 40 - 36. Suppose g*s - 3*s = -2. Give f(s).
4
Let s(i) be the first derivative of -24 + i**3 - 1/4*i**4 + 0*i**2 + i. What is s(2)?
5
Let k(u) be the first derivative of -u**3/3 + 5*u**2/2 - 5*u + 1. Suppose -4*n - 4 = 0, -3*r - 4 = -n + 4. Let l be (-11)/r + 1/3. What is k(l)?
-1
Let z(s) = -26 + 3*s + s + 9 + 12 + 15. What is z(-4)?
-6
Suppose -15*u - 2541 + 2391 = 0. Let w(f) be the third derivative of -f**4/24 - f**3/3 + 2*f**2. Calculate w(u).
8
Let s be (-9)/(-2) - 2/(-4). Let q(b) be the third derivative of -b**5/60 + 5*b**4/24 - 2*b**3/3 + 2*b**2 - 4*b. Determine q(s).
-4
Let d(j) be the second derivative of j**4/12 + 3*j**3/2 + 6*j**2 - 36*j - 1. Calculate d(-10).
22
Let a = 38 + -36. Suppose -a*b + 17 = -5*d, 10*d = 5*d - 5*b - 10. Let s(j) = -j - 2. Determine s(d).
1
Let k = 53 - 44. Let l = k - 16. Let b(q) = -q - 1. Let h(t) = -10*t - 14. Let s(y) = 18*b(y) - 2*h(y). Give s(l).
-4
Let n(o) = -o**2 - 11*o - 2*o**2 + o**2 + 8. Let m be n(-6). Let f(s) = -s**3 - 2*s**2 + 4*s - 3. What is f(m)?
-11
Let i(l) = -l**2 + 4*l + 4. Let z be i(4). Let s(o) be the first derivative of o**4/4 - 5*o**3/3 + 4*o - 160. What is s(z)?
-12
Let s(g) = g**2 + 5*g - 1. Let v be s(-5). Let y(n) be the second derivative of -n**5/4 - n**4/12 - n**3/6 - 172*n. Give y(v).
5
Let w(n) be the first derivative of -n**5/20 + n**4 - 3*n**2/2 + 38*n + 48. Let u(b) be the first derivative of w(b). Give u(12).
-3
Let z(g) = 5*g + 1. Let k(h) = 4*h + 13. Let r(s) = -k(s) + z(s). Calculate r(10).
-2
Let i = -343 + 342. Let s(u) = 2*u + 1. What is s(i)?
-1
Let i(q) be the first derivative of -13 - 14*q - 1/2*q**2. What is i(0)?
-14
Let p(z) = -3*z**2 + 0*z**2 - 3*z**2 + 1. Let y be (-56)/(-21)*((-2)/4 + -1). Let l be -6*y/(-6) - -5. Give p(l).
-5
Let y(t) be the second derivative of 2*t**2 - 1/6*t**3 + 0 + 14*t. Determine y(6).
-2
Let v = 30 + -33. Let o(y) = -5*y - 5. Calculate o(v).
10
Let i(k) = -5*k - 9. Let f(d) = 11*d + 19. Let n(c) = 4*f(c) + 9*i(c). Suppose 357*l - 361*l + 5*t = 10, 0 = 8*l - t + 2. Give n(l).
-5
Let b(o) = -o**3 - 3*o**2 + 4*o + 4. Let x(w) be the third derivative of w**4/12 - 6*w**3 - 21*w**2. Let d be x(16). What is b(d)?
4
Let h(k) be the third derivative of k**4/24 - 2*k**3 - 11*k**2 + 1. Determine h(14).
2
Suppose -3*x - 1 = 23. Let p be (x/10)/((-1)/5). Suppose 3 + 3 = -5*s + p*v, -5*s = 5*v - 30. Let o(q) = q**3 - 3*q**2 - 2*q. Calculate o(s).
-8
Let c(x) = x**3 + x**2 + x. Let o(t) = 3*t**3 - t**2 - 5*t. Let j(w) = 4*c(w) + o(w). Calculate j(2).
66
Let p(m) = -8*m + 6 - 33 + 27. Let g(l) be the second derivative of -l**5/20 - l**4/6 - l**2/2 - 2*l. Let x be g(-2). Calculate p(x).
8
Let k(d) = d**2 + 13*d - 8. Suppose 4*g = 175 - 143. Suppose -4*o - g - 36 = 4*u, -59 = 4*u - o. Give k(u).
6
Suppose -1 = -d, -2*d + 105 = 5*b + 258. Let o = 31 + b. Let k(g) = -17 - 2*g**2 - g**3 + g**2 + 0*g + g. Calculate k(o).
-17
Let w(q) = q**2 + q. Let y(o) = -2*o**2 - 8*o + 7. Let x(a) = -3*w(a) - y(a). Suppose 0 = 897*k - 906*k + 45. Calculate x(k).
-7
Let v(g) = 142 + 7*g + g**2 + 142 - 280. Determine v(-5).
-6
Suppose 2*w + 22 = 2*i, -13 - 11 = -4*i - w. Let d(g) = -g**3 + 8*g**2 - 7*g - 5. Give d(i).
-5
Suppose -r = 2*x + 1 + 1, -3*x = -3*r - 6. Let a(j) = x*j - j + 81*j**3 + 1 - 80*j**3 + 0*j**2 - 3*j**2. What is a(3)?
-2
Let k(g) = g**3 - 6*g**2 + 7*g + 2. Let x(r) = -r**2 - 19*r + 18. Let o be x(-17). Let h = o + -47. Give k(h).
12
Let u(j) = j - 2. Let d(l) = 7*l**2 + 4*l - 4. Suppose -2*r + 0*r = -2. Let y be d(r). Give u(y).
5
Suppose -13*u + 17 = 4. Let c(z) = -2*z**3 - 2*z**2 + 1. What is c(u)?
-3
Let d(b) = 3*b. Let a(r) = 4*r. Let c(n) = 2*a(n) - 3*d(n). Give c(-1).
1
Let j(b) be the first derivative of b**4/4 + b**3 - 5*b**2/2 - 4*b + 13. Suppose 2*m = 4*m - 4. Suppose -6 + m = k. Determine j(k).
0
Let y(c) = -10*c**3 - 2*c**2 + 1. Let j be 4 - (-4 - (-6)/3). Suppose -5*t + 1 = -j*t. Let n be t/4 + (-45)/(-36). Give y(n).
-11
Let r = 1 - 3. Let x(u) = -u + 6*u + 0*u - 4*u - 2*u**2 - 1. Calculate x(r).
-11
Let j = -1192 - -1200. Let i(t) = t**2 - 6*t - 4. Give i(j).
12
Let h be 6/39 + 4/(-26). Suppose 0 = -4*d + 4 - h. Let j(r) = -12*r. Determine j(d).
-12
Let i(d) be the second derivative of -d**3/3 + 3*d**2/2 - 7*d + 4. Determine i(8).
-13
Let j(x) = -3*x**2 - 7*x - 6. Let u(l) = -5*l**2 - 32*l - 9 + 57*l - 36*l. Let w(m) = 8*j(m) - 5*u(m). What is w(3)?
3
Let o = -2023 - -2030. Let g(u) = u**2 - 11*u + 25. Give g(o).
-3
Let w(g) = 2*g**2 + 7*g - 2. Suppose 854*y - 30 = 860*y. Give w(y).
13
Let v(w) be the second derivative of -w**6/120 - w**5/120 + w**4/12 - 5*w. Let b(j) be the third derivative of v(j). Calculate b(1).
-7
Let q be (1 - -16)/((-1)/(-10)*2). Suppose -88*l + 6 =